{"version":"1.0","provider_name":"Ill\u00fazi\u00f3 avagy a val\u00f3s\u00e1g","provider_url":"https:\/\/illuzioavagyavalosag.cafeblog.hu","author_name":"Z\u00e1voczki Tibor","author_url":"https:\/\/illuzioavagyavalosag.cafeblog.hu\/author\/zavoczki_tibor\/","title":"Gondolatok...","html":"<p>Van ez a facebook nev\u0171 internetes oldal!<\/p>\r\n<p>Baj nincs vele addig, am\u00edg mindenki elmondja v\u00e9lem\u00e9ny\u00e9t, v\u00e1r reakci\u00f3kat! De a baj mindig ott kezd\u0151dik, hogy nem fogadjuk el a m\u00e1sfajta v\u00e9lem\u00e9nyt! Ha nem tetszik, amit ismer\u0151s\u00fcnk \u00edr, elkezdj\u00fck leszedni r\u00f3la a keresztvizet! Liber\u00e1lis, fasiszta, n\u00e1ci, antiszemita... stb.<\/p>\r\n<p>Pedig egy azonos n\u00e9zet\u0171 csoporton bel\u00fcl, bizony ott van a m\u00e1sfajta v\u00e9lem\u00e9ny, l\u00e1t\u00e1sm\u00f3d is!<\/p>\r\n<p>Az\u00e9rt nem k\u00e9ne lehordani egym\u00e1st, mindenf\u00e9le jelz\u0151ket aggatni egym\u00e1sra, mert m\u00e1sk\u00e9pp l\u00e1tunk dolgokat, t\u00f6rt\u00e9n\u00e9seket!<\/p>\r\n<p>Az ind\u00edtott erre a be\u00edr\u00e1sra, mert egy\u00e9ni v\u00e9lem\u00e9nyem nem egyezik a p\u00e1rton bel\u00fcli \"ir\u00e1nyvonallal!\"<\/p>\r\n<p>Soha nem lesz egyforma a v\u00e9lem\u00e9ny, am\u00edg nem tudunk egy egys\u00e9ges pontot kijel\u00f6lni, amerre menn\u00fcnk kell! \u00c9n \u00fat\u00e1lom a mostani ir\u00e1nyt, amely a gy\u0171l\u00f6lk\u00f6d\u00e9s, egym\u00e1s lej\u00e1rat\u00e1sa, mocskol\u00e1sa fel\u00e9 halad!<\/p>\r\n<p>Csak azt tudom \u00edrni, saj\u00e1t alternat\u00edv\u00e1nkat kell az ellenf\u00e9l\u00e9 mell\u00e9 tenni, mit akarunk, kinek, kiknek szeretn\u00e9nk pozit\u00edvan megmutatni, lehet ezt jobban is csin\u00e1lni!<\/p>\r\n<p>Am\u00edg a Ron Werber f\u00e9le gy\u0171l\u00f6let-kamp\u00e1nyt folytatjuk, nem lesz\u00fcnk igaz magyarok!<\/p>\r\n<p>A magyar befogad\u00f3, t\u00fcrelmes, irigys\u00e9gt\u0151l mentes, meg\u00e9rt\u0151 n\u00e9p!<\/p>\r\n<p>Sajnos, a halv\u00e1ny nemzeti m\u00e1zba burkol\u00f3dz\u00f3 fidesz is \u00e1tvette! A MI\u00c9P ne folytassa ezt a kamp\u00e1nyt ebben a szellemben! Mutassuk meg a magyaroknak, magyarok vagyunk \u00e9s \u0151seink \u00fatj\u00e1n szeretn\u00e9nk j\u00e1rni, a szeretet \u00e9s k\u00f6vetkezetess\u00e9g \u00fatj\u00e1n, a term\u00e9szethez k\u00f6zel!<\/p>\r\n<p>Legy\u00fcnk m\u00e9lt\u00f3ak Csurka Istv\u00e1n szellemis\u00e9g\u00e9hez!<\/p>","type":"rich"}

Illúzió avagy a valóság

Závoczki Tibor

<p>Van ez a facebook nevű internetes oldal!</p>
<p>Baj nincs vele addig, amíg mindenki elmondja véleményét, vár reakciókat! De a baj mindig ott kezdődik, hogy nem fogadjuk el a másfajta véleményt! Ha nem tetszik, amit ismerősünk ír, elkezdjük leszedni róla a keresztvizet! Liberális, fasiszta, náci, antiszemita... stb.</p>
<p>Pedig egy azonos nézetű csoporton belül, bizony ott van a másfajta vélemény, látásmód is!</p>
<p>Azért nem kéne lehordani egymást, mindenféle jelzőket aggatni egymásra, mert másképp látunk dolgokat, történéseket!</p>
<p>Az indított erre a beírásra, mert egyéni véleményem nem egyezik a párton belüli "irányvonallal!"</p>
<p>Soha nem lesz egyforma a vélemény, amíg nem tudunk egy egységes pontot kijelölni, amerre mennünk kell! Én útálom a mostani irányt, amely a gyűlölködés, egymás lejáratása, mocskolása felé halad!</p>
<p>Csak azt tudom írni, saját alternatívánkat kell az ellenfélé mellé tenni, mit akarunk, kinek, kiknek szeretnénk pozitívan megmutatni, lehet ezt jobban is csinálni!</p>
<p>Amíg a Ron Werber féle gyűlölet-kampányt folytatjuk, nem leszünk igaz magyarok!</p>
<p>A magyar befogadó, türelmes, irigységtől mentes, megértő nép!</p>
<p>Sajnos, a halvány nemzeti mázba burkolódzó fidesz is átvette! A MIÉP ne folytassa ezt a kampányt ebben a szellemben! Mutassuk meg a magyaroknak, magyarok vagyunk és őseink útján szeretnénk járni, a szeretet és következetesség útján, a természethez közel!</p>
<p>Legyünk méltóak Csurka István szellemiségéhez!</p>
